the greatest common factor of 897 and q.
69
Let f be (((-2)/(-4))/((-30)/720))/(-2). Let i(y) = y**3 - 4*y**2 + 3*y + 38. Let c be i(f). What is the highest common factor of c and 4?
4
Let d = -4073 - -4099. Calculate the highest common factor of d and 22.
2
Let m be (90 - -41) + (6 - -1). Calculate the greatest common divisor of m and 90.
6
Let s(r) = 300*r + 1248. Let b be s(-4). Calculate the highest common factor of 564 and b.
12
Let n be ((-65)/10)/((3 - 1)/(-16)). Suppose 0 = -6*l + 274 - n. Suppose -b + l = -103. Calculate the greatest common divisor of b and 20.
20
Let o = 185 - 111. Suppose -4*u + 1784 = -4*x, 4*x - 31 = -39. What is the greatest common divisor of o and u?
74
Suppose -31110*h = -31108*h - 24. Calculate the highest common divisor of h and 258.
6
Suppose -5*k + 4*v = v - 23, -v = -3*k + 13. Suppose 0 = -k*u - 5*i + 365, -210 = -4*u - i + 135. Calculate the greatest common factor of 45 and u.
5
Let z be (2*439 - (2 - -2))*-2. Let l be 2/5*(z/(-4) + -7). What is the greatest common divisor of 43 and l?
43
Let n be 20/(-30) + (166496/(-24))/(-11). What is the greatest common divisor of 2772 and n?
126
Suppose -317280 = -973*m + 129327. Let o be (-2)/(-4) + (-159)/(-6). What is the greatest common factor of o and m?
27
Let v be (-260)/(-195)*195/4. Calculate the greatest common divisor of v and 5.
5
Suppose -60*k + 302998 = -444302. What is the highest common factor of 235 and k?
235
Let y = 783 + -717. Suppose 46 = -4*f + y. Calculate the greatest common factor of 115 and f.
5
Let n = -5022 + 5326. Calculate the greatest common divisor of n and 4104.
152
Let f = 120 - 172. Let s be (9/2)/((-3)/f). Suppose -4*g + s + 1546 = 0. What is the greatest common divisor of 58 and g?
58
Let r(f) = -7*f**2 - 298*f + 152. Let z be r(-43). What is the highest common divisor of 21114 and z?
23
Let m(s) = -s**3 + 10*s**2 + 2*s + 16. Let g be m(8). Suppose -1549 - 435 = -62*p. What is the highest common divisor of p and g?
32
Let y(h) = 3*h**3 - 14*h**2 + 2*h + 5. Let u be y(5). What is the highest common divisor of u and 96?
8
Let g = 159 - 134. Let p be (3 - (-63)/(-6))*36/108*-38. Calculate the highest common divisor of p and g.
5
Let g = 33156 + -31700. What is the highest common divisor of g and 3016?
104
Let s be (57/(-95))/((-6)/20). Suppose 3*o - 5*j - 93 = 0, -91 + 22 = -s*o + j. Suppose -o = -3*m - m. Calculate the highest common factor of m and 72.
9
Suppose -29*v + 97 = 10. Suppose 4*a - v*r - 372 = 0, 4*r + 176 = 3*a - a. Calculate the greatest common divisor of 24 and a.
24
Suppose 51 = 2*f + 3*r, -3*r - 87 - 6 = -4*f. Suppose 5*b - 9*b = 3*q - 2400, -2400 = -4*b - q. Calculate the greatest common factor of f and b.
24
Let u = -16377 + 16413. Suppose -117 = 3*y - 2*a - 1095, 5*y - 1632 = 4*a. Calculate the greatest common divisor of u and y.
36
Let t be 230*-5*(-6 - (-8 + 36/15)). What is the greatest common divisor of 1260 and t?
20
Suppose 20*z = 4671 - 1731. Calculate the highest common factor of 259 and z.
7
Let o be 688/(-48) - -14 - 2461/(-3). What is the highest common factor of 60 and o?
20
Suppose 3*p - 2*a = 3*a + 32, 0 = 4*p - 2*a - 24. Suppose 2 = r, -g - 2*g - p*r = -464. Let z = -21 - -40. What is the greatest common divisor of z and g?
19
Let p be 20/(-3)*1620/(-450). Calculate the greatest common factor of p and 776.
8
Let b(f) be the first derivative of f**3/3 + f**2 - 80*f - 128. Let k be b(16). What is the greatest common factor of k and 16?
16
Let a(o) = 47*o + 18. Let z(i) = 142*i + 52. Let w(r) = 17*a(r) - 6*z(r). Let q be w(-2). Calculate the highest common factor of 25 and q.
25
Let n = -112 + 118. Let y be (45/10 - n)*-4. What is the greatest common divisor of y and 4?
2
Let m be (-13)/((-390)/(-18))*-5. Suppose 11 = 4*g + 3*v, m*g - g + 2 = -4*v. What is the greatest common factor of g and 20?
5
Let y = -105 + 1. Suppose -4*s + 4*r = 148 - 576, -3*r + 519 = 5*s. Let q = y + s. Calculate the greatest common divisor of 17 and q.
1
Suppose -7*z + 4*n = -10*z + 37, 36 = 3*z + 3*n. Let s(i) = i**3 + i**2 + i + 44. Let a be s(0). What is the greatest common factor of z and a?
11
Suppose 8*p = -6688 + 6824. Suppose -5*w + 30 = 5*b, -3*b = 2*b + 4*w - 32. Suppose 2*i + b = 42. What is the greatest common factor of i and p?
17
Suppose -4*h = -2*d - 1062, h - 541 = -h + 3*d. Let z = -255 + h. Calculate the greatest common factor of 128 and z.
8
Let n(m) = -m**2 + 22*m - 89. Let p be n(17). Let k be p*(-123)/6 + (11 - 9). What is the greatest common factor of 42 and k?
42
Suppose 17*q + 9 = 859. Suppose 4*s - q + 6 = 0. Let i = -26 - -70. Calculate the highest common factor of s and i.
11
Let w = 29130 + -28927. Calculate the greatest common divisor of w and 4669.
203
Suppose -13*i + g + 121 = -11*i, 5 = -g. Calculate the greatest common factor of i and 106.
2
Let c be -5 - (8 + (-8 - 3)) - -146. Calculate the greatest common factor of 408 and c.
24
Let j(s) = 137 - 20*s - 139 + 5*s. Let k be j(-1). What is the highest common factor of k and 1?
1
Let v(k) = 40*k**2 + 91*k + 1603. Let r be v(-17). Calculate the highest common divisor of 3 and r.
3
Let p = -546 + 806. Suppose -3*j + 195 = 5*f, -32*j - 189 = -35*j - 3*f. Calculate the highest common factor of p and j.
20
Let k be (12/20)/(10/650) - (-3 - -4). What is the highest common divisor of k and 14041?
19
Suppose 2*l - 4 = -5*y, 0 = -2*y + 5*l - 2*l - 6. Suppose 211 = 4*m + i - 57, y = -2*m - i + 136. What is the highest common divisor of m and 11?
11
Suppose -22 = 9*v - 85. Let i(u) = u**2 + 6*u - 9. Let c be i(v). Let m = c + -70. Calculate the greatest common divisor of 132 and m.
12
Suppose -9123 = -9*w - 12*w + 7698. What is the highest common divisor of 1 and w?
1
Let s be 3 - 154/42 - (-1025)/3. Calculate the highest common factor of 713 and s.
31
Suppose 6*w - 2*w = 3*v - 148, -4*w = 4*v + 148. Let n(k) = 2*k**2 + 73*k - 17. Let s be n(w). Calculate the greatest common divisor of 80 and s.
20
Suppose -424*t + 421*t = 144. Let y = t + 255. Calculate the highest common factor of y and 9.
9
Let b be 259/2 - (-18)/(-36). Calculate the greatest common divisor of 17931 and b.
129
Let r(h) = -77*h - 1148. Let m be r(-24). What is the highest common divisor of 8 and m?
4
Let c(w) = -w + 4. Let r be c(-6). Let z = 11504 - 11354. What is the greatest common factor of r and z?
10
Let m be 32 - (-2 + 2 - -2). Suppose 709*j - 83616 - 25456 = 103628. What is the greatest common factor of j and m?
30
Let f(t) = 4*t**2 - 13*t - 5. Let n be f(9). Let d = -174 + n. Calculate the greatest common divisor of 42 and d.
14
Suppose 27*o - 7005 = 5145. Suppose -38*p + 48*p - o = 0. What is the highest common divisor of p and 15?
15
Suppose 11*s + 137 = 294 + 954. What is the greatest common factor of 1 and s?
1
Suppose 0 = -36*i + 32*i - 2064. Let x be i/(-7 + 1) - -5. Calculate the highest common factor of 26 and x.
13
Let h = 25 + -13. Let l = -14567 - -14615. What is the highest common factor of l and h?
12
Let q = 3922 - 3607. What is the highest common divisor of 133 and q?
7
Let d = 9145 - 5329. What is the greatest common factor of 16 and d?
8
Suppose 25096 = -3*g + 25621. Calculate the greatest common divisor of 3625 and g.
25
Let l be 664/22 + 2/(-11). Let s = 9080 + -9060. Calculate the highest common divisor of l and s.
10
Suppose 3*h = -21, 2*b - 5*h + 2*h - 193 = 0. Calculate the greatest common factor of 430 and b.
86
Let g be (1 - 0)*9/3. Suppose -b = g*a - 3 + 8, 20 = -4*b. Suppose -2*m + 110 = -a*m. Calculate the greatest common divisor of m and 33.
11
Suppose v = 6*v - 640. Suppose 0 = -10*w - 458 - 192. Let f = w + 97. Calculate the greatest common divisor of f and v.
32
Let a(q) = 132*q**2 - 8*q - 8. Let t be a(-1). Calculate the highest common divisor of t and 156.
12
Let a(q) = 13*q + 109. Let y be a(-8). Suppose y*x - 27 = -2*w, -6*w + 7*w - 3*x = 41. What is the highest common divisor of w and 195?
13
Let c be 4/5 + (-144)/(-45). Suppose 4*h - 50 = -3*x, -4*x + 19 + 53 = c*h. Let o = -205 + 381. What is the highest common divisor of x and o?
22
Let m be (-11 - (-60)/8)*38/(-7). Let g be (-152)/12*3/(-2). What is the highest common factor of m and g?
19
Let z be (-57)/(-6) + (-5)/10. Suppose 9 - 27 = -z*t. Suppose x - 6 = l, -x - 5*l + 0 + 6 = 0